2?
31
What is the remainder when 2057 is divided by 685?
2
Calculate the remainder when 61138 is divided by 229.
224
What is the remainder when 11155 is divided by 291?
97
What is the remainder when 66918 is divided by 1239?
12
What is the remainder when 7455 is divided by 686?
595
Calculate the remainder when 6802 is divided by 37.
31
Calculate the remainder when 40845 is divided by 92.
89
Calculate the remainder when 36458 is divided by 70.
58
Calculate the remainder when 20883 is divided by 993.
30
What is the remainder when 1974482 is divided by 21?
20
Calculate the remainder when 383901 is divided by 258.
255
What is the remainder when 38559 is divided by 140?
59
Calculate the remainder when 1112 is divided by 298.
218
Calculate the remainder when 130362 is divided by 459.
6
What is the remainder when 2929 is divided by 241?
37
What is the remainder when 17358 is divided by 8673?
12
Calculate the remainder when 3122 is divided by 316.
278
Calculate the remainder when 8702643 is divided by 291.
288
Calculate the remainder when 270081 is divided by 213.
210
What is the remainder when 28583 is divided by 4751?
77
Calculate the remainder when 122517 is divided by 325.
317
What is the remainder when 18198 is divided by 9092?
14
Calculate the remainder when 13836 is divided by 89.
41
Calculate the remainder when 206424 is divided by 359.
358
What is the remainder when 18226 is divided by 29?
14
What is the remainder when 16389 is divided by 22?
21
What is the remainder when 28 is divided by 8?
4
What is the remainder when 9115 is divided by 396?
7
What is the remainder when 127 is divided by 115?
12
Calculate the remainder when 12592 is divided by 66.
52
What is the remainder when 3502 is divided by 73?
71
What is the remainder when 259542 is divided by 868?
10
Calculate the remainder when 4236 is divided by 178.
142
Calculate the remainder when 24691 is divided by 52.
43
Calculate the remainder when 29949 is divided by 15.
9
Calculate the remainder when 6001 is divided by 110.
61
Calculate the remainder when 829 is divided by 821.
8
Calculate the remainder when 1616850 is divided by 40.
10
What is the remainder when 1014589 is divided by 166?
163
Calculate the remainder when 4394 is divided by 83.
78
Calculate the remainder when 34499 is divided by 345.
344
What is the remainder when 205317 is divided by 328?
317
Calculate the remainder when 3978 is divided by 1877.
224
What is the remainder when 106441 is divided by 579?
484
Calculate the remainder when 226573 is divided by 475.
473
Calculate the remainder when 485137 is divided by 36.
1
What is the remainder when 10646 is divided by 226?
24
Calculate the remainder when 2160 is divided by 69.
21
What is the remainder when 10990 is divided by 42?
28
Calculate the remainder when 9033 is divided by 903.
3
Calculate the remainder when 3417 is divided by 151.
95
Calculate the remainder when 25443 is divided by 45.
18
Calculate the remainder when 472077 is divided by 61.
59
What is the remainder when 592 is divided by 479?
113
What is the remainder when 43464 is divided by 488?
32
Calculate the remainder when 66931 is divided by 37.
35
What is the remainder when 2540 is divided by 36?
20
What is the remainder when 3313 is divided by 21?
16
What is the remainder when 3305 is divided by 272?
41
What is the remainder when 35163 is divided by 224?
219
Calculate the remainder when 154693 is divided by 1311.
1306
Calculate the remainder when 25532 is divided by 63.
17
What is the remainder when 10650 is divided by 159?
156
Calculate the remainder when 70501 is divided by 14.
11
Calculate the remainder when 475032 is divided by 5.
2
What is the remainder when 123984 is divided by 30?
24
What is the remainder when 5167 is divided by 94?
91
What is the remainder when 36158 is divided by 2234?
414
What is the remainder when 83039 is divided by 20?
19
What is the remainder when 10932 is divided by 11?
9
Calculate the remainder when 270 is divided by 19.
4
Calculate the remainder when 1744 is divided by 577.
13
Calculate the remainder when 11035 is divided by 130.
115
Calculate the remainder when 76912 is divided by 2648.
120
What is the remainder when 1302711 is divided by 5149?
14
What is the remainder when 5201 is divided by 26?
1
Calculate the remainder when 1953 is divided by 970.
13
What is the remainder when 8214 is divided by 83?
80
What is the remainder when 51646 is divided by 25822?
2
What is the remainder when 98154 is divided by 34?
30
What is the remainder when 11523 is divided by 65?
18
Calculate the remainder when 51608 is divided by 130.
128
Calculate the remainder when 6497 is divided by 184.
57
Calculate the remainder when 28898 is divided by 116.
14
Calculate the remainder when 20526 is divided by 541.
509
Calculate the remainder when 1537501 is divided by 46.
43
Calculate the remainder when 124545 is divided by 52.
5
What is the remainder when 14529 is divided by 89?
22
Calculate the remainder when 42954 is divided by 8.
2
What is the remainder when 44978 is divided by 20?
18
Calculate the remainder when 29632 is divided by 745.
577
Calculate the remainder when 12365 is divided by 185.
155
Calculate the remainder when 1713 is divided by 464.
321
Calculate the remainder when 2596 is divided by 202.
172
What is the remainder when 3850 is divided by 29?
22
Calculate the remainder when 2393 is divided by 186.
161
Calculate the remainder when 848 is divided by 492.
356
What is the remainder when 14708 is divided by 1837?
12
What is the remainder when 22134 is divided by 1894?
1300
What is the remainder when 1374 is divided by 107?
90
What is the remainder when 296059 is divided by 98676?
31
Calculate the remainder when 740049 is divided by 674.
671
What is the remainder when 85022 is divided by 61?
49
Calculate the remainder when 309221 is divided by 154605.
11
Calculate the remainder when 1491 is divided by 496.
3
Calculate the remainder when 9655 is divided by 1071.
16
Calculate the remainder when 6984 is divided by 141.
75
Calculate the remainder when 3438 is divided by 495.
468
What is the remainder when 146831 is divided by 15?
11
Calculate the remainder when 6427 is divided by 1.
0
Calculate the remainder when 8270 is divided by 67.
29
Calculate the remainder when 7801197 is divided by 34.
33
Calculate the remainder when 65364 is divided by 14.
12
Calculate the remainder when 51291 is divided by 11.
9
What is the remainder when 707273 is divided by 10716?
17
What is the remainder when 94828 is divided by 1756?
4
What is the remainder when 551 is divided by 101?
46
Calculate the remainder when 1306 is divided by 3.
1
What is the remainder when 836008 is divided by 315?
313
What is the remainder when 78398 is divided by 185?
143
Calculate the remainder when 4612 is divided by 578.
566
Calculate the remainder when 29139 is divided by 31.
30
What is the remainder when 4747 is divided by 156?
67
What is the remainder when 144 is divided by 85?
59
Calculate the remainder when 109685 is divided by 4767.
44
What is the remainder when 2012956 is divided by 277?
274
What is the remainder when 896283 is divided by 148?
143
Calculate the remainder when 12760 is divided by 1407.
97
Calculate the remainder when 822 is divided by 70.
52
What is the remainder when 181423 is divided by 23?
22
What is the remainder when 33708 is divided by 16535?
638
What is the remainder when 5081 is divided by 1147?
493
What is the remainder when 46717 is divided by 20?
17
What is the remainder when 40067 is divided by 63?
62
What is the remainder when 180973 is divided by 644?
9
Calculate the remainder when 6594 is divided by 120.
114
Calculate the remainder when 199420 is divided by 64.
60
Calculate the remainder when 1077 is divided by 77.
76
What is the remainder when 9523 is divided by 732?
7
Calculate the remainder when 63338 is divided by 749.
422
What is the remainder when 4462 is divided by 892?
2
Calculate the remainder when 41658 is divided by 20821.
16
What is the remainder when 129195 is divided by 190?
185
Calculate the remainder when 6670 is divided by 782.
414
What is the remainder when 26661 is divided by 477?
426
Calculate the remainder when 790 is divided by 138.
100
What is the remainder when 573